se
Let b = -6 + 3. Let h be 2/(-2)*(0 + b). Suppose h*q + 3*l = 6*l + 54, -6 = -2*l. Is q composite?
True
Let w = -13745 - -26078. Is w prime?
False
Let w(x) = -3*x - 44. Let k be w(-14). Is (k/(-2))/(8/10256) composite?
True
Let c = 10 + -6. Suppose 2*p - 3*i - i = 8, p = -c*i + 22. Suppose -47 = -z - p. Is z a composite number?
False
Let h be (-54)/(-12)*(-3404)/3. Let l be (-2)/(-7) + h/(-14). Let p = -148 + l. Is p prime?
False
Let v = -27 + -2454. Let w = 3492 + v. Is w composite?
True
Let r = -16 - -20. Suppose -140 = -r*z + 192. Is z prime?
True
Let k = 0 - -3. Suppose -k*n - 1114 = -3*v + 746, -5*v - 4*n = -3127. Is v prime?
False
Let c = -21 + 52. Suppose 113 = c*p - 30*p. Is p a prime number?
True
Let b = -166 - -182. Suppose -q + 98 + 165 = 0. Let j = q - b. Is j composite?
True
Let j be (0*2/(-4))/2. Let k(l) = -13*l**2 - 4*l - 33. Let v(f) = -7*f**2 - 2*f - 17. Let g(o) = -6*k(o) + 11*v(o). Is g(j) a composite number?
False
Suppose 2*z - 32 = 10*z. Let w(k) = 1 + 2 + 6*k**2 - 4 - 2*k**3. Is w(z) prime?
True
Let r(j) be the first derivative of 71*j**3/3 - 3*j**2 - 4*j + 222. Let t = 7 + -12. Is r(t) a composite number?
False
Let o(b) = -b**2 + 6*b - 3. Let x be o(5). Suppose 4*y - 1660 = 2*c, 3*y + x*c - 611 = 641. Suppose -w + 2*i + y = 0, -4*i - 6 = -6*i. Is w composite?
True
Let z(b) = b**3 - 21*b**2 + 30*b + 32. Is z(21) composite?
True
Suppose -448 = -4*i + 9268. Is i a prime number?
False
Suppose 82 = -13*a + 121. Let s = 85 + -168. Is 0 + -1 - s - a prime?
True
Suppose 2*a - 5*o = 14409 + 7680, a = -o + 11041. Is a a composite number?
True
Let j(y) = -1148 - 1439*y + 1148. Is j(-1) composite?
False
Is (3*(-139928)/36)/((-8)/12) a prime number?
True
Suppose 3*t - 1823 = 547. Suppose 0 = h + 1, 2*x + 6*h = 2*h + t. Is x a composite number?
False
Suppose -4*h - 1176 + 24 = 0. Suppose 5*l - 44 = 3*b + 52, -191 = 5*b + 2*l. Let o = b - h. Is o composite?
False
Suppose 4775 + 71023 = 6*p. Is p prime?
False
Suppose -4*w = -3*z - 7597, -9*w + 7*w + z + 3801 = 0. Is w prime?
False
Let r be (6/(-10))/(4/(-140)). Let m = 11 - r. Is ((-99)/(-15))/((-2)/m) a prime number?
False
Suppose -2*x + l = 2*l - 3634, 5*l = -2*x + 3634. Is x a composite number?
True
Let s be 743/4 + 3/12. Let i = s + -102. Suppose 0 = -3*l - 4*w + 57, 8*w - 3*w + i = 3*l. Is l prime?
True
Let x(d) = 979*d + 4. Let j be x(-2). Is (j/(-5))/((-114)/30 - -4) prime?
False
Let y = -2458 + 4223. Suppose 4*z - y = -z. Is z composite?
False
Let r = 2073 - 112. Is r a prime number?
False
Let h(r) = r - 21. Let x be h(13). Is (-282)/(-8) + 1 - 6/x prime?
True
Suppose -2*h - 3*d + 2 = 0, 0*d + d = -h + 2. Suppose -4*c - 25672 = -h*i, -c - 6895 - 25183 = -5*i. Is i composite?
True
Let y(g) = -g**2 - 6*g + 1. Let z be y(-3). Let d be (463/4)/(z/40). Suppose -n = 1 + 2, -4*n = 5*q - d. Is q a prime number?
False
Suppose -5*n - 23 = -3. Let j(b) = 4*b + 22. Is j(n) a composite number?
True
Is 13956 - 28*(-10)/40 composite?
False
Let d be 7/2 - (-240)/160. Let s(v) be the third derivative of v**5/30 - v**4/12 - v**3 + v**2. Is s(d) composite?
True
Let p be 1427 + 8/2 - -3. Suppose 3*c = c - 4*b + p, 0 = 5*c - b - 3596. Is c prime?
True
Let l(h) = 13*h + 7. Let s(n) = -7*n - 4. Let j(i) = -6*l(i) - 11*s(i). Let q be j(-4). Let t(y) = 14*y + 5. Is t(q) prime?
True
Is 34*((-987)/(-6) + 1) a prime number?
False
Let d(r) be the third derivative of -r**6/120 + r**5/10 + 5*r**4/24 + 5*r**3/6 + 2*r**2. Let q = 73 - 77. Is d(q) prime?
False
Let x = 24 - 22. Let d(l) = -4*l + x - 2 + 2 + 1. Is d(-16) a prime number?
True
Let p = -247 - -438. Is p a prime number?
True
Suppose -b - 4903 - 28157 = -4*o, 0 = 2*o + 4*b - 16548. Is o a composite number?
True
Let s(w) = w**3 + 2*w**2 - 6*w - 6. Let d be s(-3). Is 42/18*(6 - d)*1 composite?
False
Let t(h) = h**2 - 12*h + 15. Let p be t(11). Suppose -d + 8795 = p*d. Is d a composite number?
False
Suppose 10*y - 4086428 = -138*y. Is y composite?
False
Let o = -50 - -54. Let v(i) = 10*i**2 + 2*i - 5. Is v(o) a prime number?
True
Let h be (-5 - -3) + (-4)/1. Let g(k) be the first derivative of 2*k**3/3 - 2*k**2 - 3*k + 7. Is g(h) a prime number?
False
Let f(q) = 7*q**3 - 21*q**2 - 15*q - 8. Let k(x) = 8*x**3 - 22*x**2 - 16*x - 7. Let m(u) = -7*f(u) + 6*k(u). Is m(15) prime?
True
Suppose 8*x = 142654 + 28690. Is x a prime number?
False
Suppose -2*l - 2*z - 41379 = -3*l, 3*l - 5*z - 124133 = 0. Is l a composite number?
True
Let z = 933 + -1419. Let r = -263 - z. Is r a composite number?
False
Let n = -2254 - -4331. Is n prime?
False
Suppose 273 = -3*l + 1440. Is l prime?
True
Let m(z) = 107*z**2 - 5*z + 41. Is m(9) prime?
True
Let d = 90 - 90. Suppose 0 = -4*c + 2*p + 20206, -3*c - 3*p + d*p + 15150 = 0. Is c composite?
False
Suppose -2*j = 2*x - 0*x + 1956, -4*x - 3912 = -3*j. Let w = x - -1465. Is w prime?
True
Let w = -24 + 18. Is (5 + 3 + w)*2818/4 a composite number?
False
Let y(b) = b**2 + 12*b + 21. Let r be y(-10). Let x(m) = -326*m**3 - 3*m**2 - 2*m. Let s(z) = z**3 - z**2 - 1. Let q(n) = 2*s(n) - x(n). Is q(r) prime?
False
Let q(a) = -2*a**3 + 6*a**2 - 3*a. Suppose -y + 3*z = 3 - 1, 0 = 2*y - 4*z + 6. Is q(y) prime?
False
Suppose 36*v - 3346 = 124706. Is v a composite number?
False
Suppose 3*f - 10 = 5. Let i = -5 + f. Suppose i*g - 633 = -3*g. Is g composite?
False
Let d = -36 - -33. Let k be (4*d - -3)/1. Is (-2)/k + 4514/18 a composite number?
False
Suppose 6 = 3*a - 2*t - 3*t, 2 = a + 2*t. Let u(q) = 62*q**3 + 2*q**2 - q. Is u(a) a prime number?
False
Suppose -7*o = 8*o - 84345. Is o composite?
False
Let k(v) = 35347*v + 317. Is k(2) a composite number?
False
Let r(s) = -2 + 15*s**2 + 5*s + 27 - s. Is r(-6) a prime number?
True
Suppose -v = -13 - 144. Is v a composite number?
False
Is 2727894/104 + (-5)/(-4) composite?
True
Suppose 0 = f - 3*t - 8, 0 = -6*f + 3*f - 4*t - 2. Is ((-5)/(-2))/((f/(-716))/(-1)) a composite number?
True
Suppose 4*t + 5 - 33 = -4*m, -13 = -m - 3*t. Suppose i + 2*i + 10 = -2*y, -20 = 4*i + m*y. Suppose i = -u - 2*u + 249. Is u composite?
False
Let w(u) = 555*u + 6. Let z be w(4). Let f = z + -1557. Is f a prime number?
False
Let a be 5/2 - (-3)/6. Let q be a - (0 + 3 - -49). Let v = 112 - q. Is v composite?
True
Suppose 2*m + 2*h = 44934, 11*m - 22463 = 10*m - 3*h. Is m prime?
True
Let s = 2254 - 1187. Let z = s - 146. Suppose 0*j = -3*j + z. Is j a composite number?
False
Suppose -2*y + 4312 = 3*a, -3*a - 112 = -y + 2035. Is y a composite number?
False
Suppose 216543 = 57*n - 0*n. Is n a composite number?
True
Suppose 4 = -4*g + 8*g. Let x(s) = 6 - g + 10 + 10*s - 26*s. Is x(-11) prime?
True
Suppose -33539 = -17*b + 14384. Is b prime?
True
Let t be -2 + 1 + 28/7. Suppose 0*m - t*m = -1020. Suppose -1529 = -3*q + m. Is q a composite number?
True
Suppose -4*k = -44 - 1508. Let h = k + -231. Is h composite?
False
Let x be 20/6*19272/55. Is (-1 - x)/(6 - 7) prime?
False
Let n(v) be the first derivative of 4*v**3/3 - 3*v**2 + 15*v + 53. Is n(-7) a prime number?
False
Suppose 9 - 1 = 2*n. Suppose -n*q - 3*o + 5558 = -0*o, 2768 = 2*q - 4*o. Suppose u = -3*u + q. Is u a prime number?
True
Suppose -2162 + 412 = -5*j. Suppose 4*w = 2*x + 2340, -5*w + 3*x = 2*x - 2919. Let r = w - j. Is r a composite number?
False
Let d be (-169)/(-3) + (-1)/(-3)*-1. Is 2/(-7) - (-4440)/d a composite number?
False
Suppose -3811 = -11*q + 17628. Is q composite?
False
Suppose 2*t + i = -105, -290 = t + 4*t - 3*i. Let u be t*29 + 0 - -3. Is (-12)/(-20) - u/5 prime?
False
Let v be 1169 - (19/(-7) - (-4)/(-14)). Suppose 3*l - 2016 = -3*g, -4*l = -g - 3865 + v. Is l a prime number?
True
Suppose 199449 = 3*t + 24*t. Is t composite?
True
Let j be 2/(-1 - 1) - 282. Let n = j + 652. Is (-10)/(-35) + n/7 a composite number?
False
Suppose 5*r - 2*r - 4*s + 8 = 0, -r + 3*s - 11 = 0. Suppose -r = 2*m - 2, -4*m = -j + 75. Is j composite?
False
Let s(y) = y**2 + 3*y - 2. Let p be s(-4). Suppose -413 = -p*x - 103. Is x a composite number?
True
Suppose 3*a + 5*y = 47721, -a - 5*y + 8*y + 15907 = 0. Is a a composite number?
False
Is 30726/36*(-152)/(-12) a composite number?
True
Suppose 0 = -f + 2*d + 4397, -5*d + 21074 + 866 = 5*f. Is f a prime number?
True
Let t = -2050 + 4529. Is t a composite number?
True
Suppose 0*s = -4*s + 7528. Suppose m - 632 = -